4.
241
What is the remainder when 183119 is divided by 61039?
2
What is the remainder when 21459977 is divided by 204?
197
What is the remainder when 203213 is divided by 1168?
1149
What is the remainder when 938442 is divided by 1235?
1077
Calculate the remainder when 3915042 is divided by 1957499.
44
What is the remainder when 283104 is divided by 6254?
1674
Calculate the remainder when 1541346 is divided by 2375.
2346
Calculate the remainder when 1905682 is divided by 5881.
238
Calculate the remainder when 1339 is divided by 439.
22
Calculate the remainder when 9347215 is divided by 4673589.
37
Calculate the remainder when 16616 is divided by 710.
286
What is the remainder when 627497 is divided by 29844?
773
Calculate the remainder when 23417807 is divided by 165.
17
What is the remainder when 62947376 is divided by 52986?
8
Calculate the remainder when 8951152 is divided by 17115.
7
Calculate the remainder when 59721112 is divided by 111.
4
What is the remainder when 886774 is divided by 73890?
94
Calculate the remainder when 29410393 is divided by 612716.
25
What is the remainder when 99184876 is divided by 9?
7
Calculate the remainder when 35712739 is divided by 17856358.
23
What is the remainder when 37835279 is divided by 600559?
62
Calculate the remainder when 164842 is divided by 82267.
308
What is the remainder when 25405501 is divided by 3711?
3706
What is the remainder when 1882317 is divided by 3795?
3792
What is the remainder when 3355066 is divided by 348?
346
What is the remainder when 16948980 is divided by 14019?
9
What is the remainder when 1167631 is divided by 2453?
3
What is the remainder when 42187 is divided by 76?
7
Calculate the remainder when 10832 is divided by 1848.
1592
Calculate the remainder when 20536 is divided by 3612.
2476
What is the remainder when 15629396 is divided by 68?
4
Calculate the remainder when 4507655 is divided by 300510.
5
What is the remainder when 54386167 is divided by 15935?
12
What is the remainder when 380031594 is divided by 43?
2
Calculate the remainder when 72881158 is divided by 40.
38
What is the remainder when 460835 is divided by 167?
82
What is the remainder when 11230607 is divided by 10?
7
Calculate the remainder when 13202170 is divided by 39.
7
What is the remainder when 2449919 is divided by 55679?
43
What is the remainder when 269171 is divided by 91?
84
Calculate the remainder when 25718 is divided by 451.
11
What is the remainder when 8882804 is divided by 4415?
4239
What is the remainder when 19775043 is divided by 14125?
43
What is the remainder when 798627 is divided by 206?
171
What is the remainder when 169270 is divided by 42313?
18
Calculate the remainder when 3816351 is divided by 6236.
6155
What is the remainder when 7268589 is divided by 110?
9
Calculate the remainder when 3198048 is divided by 90.
78
Calculate the remainder when 19255 is divided by 2602.
1041
Calculate the remainder when 139283672 is divided by 5.
2
Calculate the remainder when 63006 is divided by 9829.
4032
What is the remainder when 10877469 is divided by 1899?
1896
Calculate the remainder when 28559 is divided by 27899.
660
What is the remainder when 10762544 is divided by 158?
58
Calculate the remainder when 9702128 is divided by 3952.
3920
Calculate the remainder when 119225100 is divided by 1001.
995
Calculate the remainder when 114072 is divided by 56859.
354
Calculate the remainder when 12046745 is divided by 4180.
4165
What is the remainder when 93086004 is divided by 11226?
12
What is the remainder when 3096306 is divided by 23?
0
Calculate the remainder when 3030570 is divided by 357.
354
Calculate the remainder when 8685268 is divided by 166.
148
What is the remainder when 10856 is divided by 632?
112
What is the remainder when 320751 is divided by 1910?
1781
Calculate the remainder when 140233 is divided by 271.
126
What is the remainder when 2865497 is divided by 91?
89
Calculate the remainder when 83205429 is divided by 385.
384
Calculate the remainder when 2727618 is divided by 60605.
393
What is the remainder when 1498345 is divided by 244?
185
Calculate the remainder when 44626 is divided by 2477.
40
What is the remainder when 594669 is divided by 5566?
4673
What is the remainder when 104783 is divided by 34693?
704
What is the remainder when 41514 is divided by 8202?
504
What is the remainder when 86547885 is divided by 1368?
1365
What is the remainder when 8364230 is divided by 24035?
50
Calculate the remainder when 90413734 is divided by 21.
19
Calculate the remainder when 19888127 is divided by 157.
152
What is the remainder when 276913556 is divided by 84?
80
Calculate the remainder when 4572288 is divided by 3362.
3330
Calculate the remainder when 61091 is divided by 3475.
2016
Calculate the remainder when 7236221 is divided by 6645.
6461
Calculate the remainder when 682010 is divided by 1834.
1596
Calculate the remainder when 276739 is divided by 1657.
20
Calculate the remainder when 20510203 is divided by 64.
59
Calculate the remainder when 75685596 is divided by 128717.
0
What is the remainder when 48201 is divided by 48134?
67
Calculate the remainder when 3694414 is divided by 11654.
96
What is the remainder when 3367683 is divided by 108634?
29
Calculate the remainder when 60289378 is divided by 10.
8
What is the remainder when 55625719 is divided by 6180635?
4
Calculate the remainder when 606699 is divided by 216.
171
Calculate the remainder when 46259767 is divided by 48.
7
What is the remainder when 1136604 is divided by 2900?
2704
Calculate the remainder when 125702 is divided by 31361.
258
What is the remainder when 65315021 is divided by 1126120?
61
Calculate the remainder when 60652 is divided by 18880.
4012
Calculate the remainder when 887475 is divided by 8294.
17
What is the remainder when 26388002 is divided by 8795989?
35
Calculate the remainder when 6822007 is divided by 20.
7
What is the remainder when 4676262 is divided by 288?
6
Calculate the remainder when 429418 is divided by 35709.
910
Calculate the remainder when 82140536 is divided by 1799.
1794
Calculate the remainder when 4840947 is divided by 273.
111
Calculate the remainder when 59719696 is divided by 349.
212
Calculate the remainder when 846510 is divided by 10322.
106
What is the remainder when 941639466 is divided by 532?
530
Calculate the remainder when 212691770 is divided by 340.
10
Calculate the remainder when 8199278 is divided by 305.
268
What is the remainder when 7917872 is divided by 876?
584
Calculate the remainder when 18277314 is divided by 961963.
17
Calculate the remainder when 12829316 is divided by 128.
4
What is the remainder when 20217937 is divided by 1072?
17
What is the remainder when 118840573 is divided by 28?
5
What is the remainder when 3870186 is divided by 81?
6
Calculate the remainder when 30508 is divided by 4341.
121
What is the remainder when 1900221 is divided by 2918?
603
What is the remainder when 24909 is divided by 6458?
5535
Calculate the remainder when 2696582 is divided by 13154.
12
What is the remainder when 464430 is divided by 11?
10
Calculate the remainder when 105366834 is divided by 213.
207
What is the remainder when 13153782 is divided by 349?
321
What is the remainder when 4072077 is divided by 1083?
1080
What is the remainder when 563341 is divided by 37544?
181
Calculate the remainder when 12846743 is divided by 241.
238
What is the remainder when 135029 is divided by 100?
29
Calculate the remainder when 943326 is divided by 2774.
166
What is the remainder when 61072836 is divided by 29?
25
Calculate the remainder when 3327098 is divided by 9320.
9178
Calculate the remainder when 235760 is divided by 5239.
5
Calculate the remainder when 795988 is divided by 400.
388
What is the remainder when 21348228 is divided by 1057?
1056
What is the remainder when 1282666502 is divided by 397?
393
What is the remainder when 42719388 is divided by 258?
6
Calculate the remainder when 6476234 is divided by 81.
41
Calculate the remainder when 300805 is divided by 1337.
1317
Calculate the remainder when 318456 is divided by 513.
396
What is the remainder when 39259 is divided by 5595?
94
Calculate the remainder when 4604350 is divided by 76739.
10
C